{"id":125,"date":"2015-06-18T19:20:04","date_gmt":"2015-06-18T19:20:04","guid":{"rendered":"http:\/\/entwicklung.waldorfkindergarten-feuerbach.de\/?page_id=125"},"modified":"2024-11-14T11:45:56","modified_gmt":"2024-11-14T11:45:56","slug":"ein-tag-bei-uns","status":"publish","type":"page","link":"https:\/\/waldorfkindergarten-feuerbach.de\/?page_id=125","title":{"rendered":"Ein Tag bei uns"},"content":{"rendered":"<p><span style=\"color: #780a0a;\">Ein Tag bei uns<\/span><\/p>\n<p>Um <strong>7.30 Uhr<\/strong> beginnt bei uns der Alltag im Kindergarten. Die Erzieher*innen bereiten den Raum f\u00fcr den Tag und begr\u00fc\u00dfen die Kinder, die <strong>zwischen 7.30 und 8.30Uhr<\/strong> gebracht werden. Die T\u00e4tigkeiten der Erzieher*innen sind so gestaltet, dass die Kinder stets mitmachen d\u00fcrfen. Z.B.\u00a0 das Anfertigen von jahreszeitlichem Schmuck f\u00fcr unseren Raum, das Vorbereiten eines Festes oder hauswirtschaftliche T\u00e4tigkeiten. Eine\/r Erzieher*in bereitet das p\u00e4dagogische Fr\u00fchst\u00fcck vor. Durch die anregende T\u00e4tigkeit des Erwachsenen breitet sich eine behagliche, schaffige Stimmung aus. Die Kinder finden selbstbestimmt in ihre T\u00e4tigkeit oder ihr freies, kreatives Spiel (<strong>erstes Freispiel<\/strong>).<\/p>\n<p>Zwischen <strong>9.15 und 9.30Uhr<\/strong> werden die Arbeiten beendet und mit dem Aufr\u00e4umen des Arbeitsplatzes wird der \u00dcbergang in die <strong>Aufr\u00e4umzeit<\/strong> geschaffen. Nach der Freispielzeit, in der die Kinder mit Tischen und St\u00fchlen, Brettern und T\u00fcchern, Holzkl\u00f6tzen und Kastanien, Kisten und K\u00f6rben sich ihre eigene Spiellandschaft geschaffen haben, gibt es einiges zu tun, bis jedes Ding wieder seinen Platz gefunden hat. Das Ordnen der Dinge und des Raumes ist ein wichtiger Prozess, den die Kinder t\u00e4glich miterleben.<\/p>\n<p>W\u00e4hrend des Aufr\u00e4umens gehen die Kinder in den Waschraum, um ggf. zur Toilette zu gehen und die H\u00e4nde zu waschen. Die gr\u00f6\u00dferen Kinder, die schon eine Aufgabe \u00fcbernehmen k\u00f6nnen, helfen den Tisch f\u00fcr das gemeinsame Fr\u00fchst\u00fcck zu decken.<\/p>\n<p>Anschlie\u00dfend sammeln sich alle Kinder und Erzieher*innen in der Mitte des Raumes im Kreis sitzend. Mit einer kleinen Schmausepause (kleine st\u00e4rkende Erfrischung in Form von jahreszeitlich passender Rohkost) wird der gemeinsame Teil des Morgens eingeleitet. Der<strong> Morgenkreis<\/strong> besteht aus Liedern und Versen, Finger- oder Handgestenspielen und Reigen, ausgesucht zu der jeweiligen Jahreszeit.<\/p>\n<p>Dann folgt das <strong>gemeinsame Fr\u00fchst\u00fcck<\/strong>.<\/p>\n<p>Anschlie\u00dfend ziehen sich alle Kinder an, um im Garten spielen zu gehen.<\/p>\n<p>Nach dem zweiten <strong>Freispiel an der frischen Luft<\/strong> beenden wir den Vormittag mit einer kleinen Geschichte, einem M\u00e4rchen oder einem Gruppenspiel. Von <strong>12.30 bis 12.45Uhr<\/strong> werden die ersten Kinder abgeholt.<\/p>\n<p>Die Kinder, die die <strong>verl\u00e4ngerte \u00d6ffnungszeit<\/strong> nutzen, haben ein Mittagsvesper dabei, in einer lockeren Runde wird die Vesperzeit gehalten. Danach wird noch die letzte Ordnung geschaffen und um <strong>13.30Uhr<\/strong> endet der Kindergartentag.<\/p>\n","protected":false},"excerpt":{"rendered":"<p>Ein Tag bei uns Um 7.30 Uhr beginnt bei uns der Alltag im Kindergarten. Die Erzieher*innen bereiten den Raum f\u00fcr den Tag und begr\u00fc\u00dfen die Kinder, die zwischen 7.30 und 8.30Uhr gebracht werden. Die T\u00e4tigkeiten der Erzieher*innen sind so gestaltet,&hellip; <\/p>\n","protected":false},"author":1,"featured_media":0,"parent":0,"menu_order":7,"comment_status":"closed","ping_status":"closed","template":"","meta":{"footnotes":""},"class_list":["post-125","page","type-page","status-publish","hentry"],"_links":{"self":[{"href":"https:\/\/waldorfkindergarten-feuerbach.de\/index.php?rest_route=\/wp\/v2\/pages\/125","targetHints":{"allow":["GET"]}}],"collection":[{"href":"https:\/\/waldorfkindergarten-feuerbach.de\/index.php?rest_route=\/wp\/v2\/pages"}],"about":[{"href":"https:\/\/waldorfkindergarten-feuerbach.de\/index.php?rest_route=\/wp\/v2\/types\/page"}],"author":[{"embeddable":true,"href":"https:\/\/waldorfkindergarten-feuerbach.de\/index.php?rest_route=\/wp\/v2\/users\/1"}],"replies":[{"embeddable":true,"href":"https:\/\/waldorfkindergarten-feuerbach.de\/index.php?rest_route=%2Fwp%2Fv2%2Fcomments&post=125"}],"version-history":[{"count":6,"href":"https:\/\/waldorfkindergarten-feuerbach.de\/index.php?rest_route=\/wp\/v2\/pages\/125\/revisions"}],"predecessor-version":[{"id":496,"href":"https:\/\/waldorfkindergarten-feuerbach.de\/index.php?rest_route=\/wp\/v2\/pages\/125\/revisions\/496"}],"wp:attachment":[{"href":"https:\/\/waldorfkindergarten-feuerbach.de\/index.php?rest_route=%2Fwp%2Fv2%2Fmedia&parent=125"}],"curies":[{"name":"wp","href":"https:\/\/api.w.org\/{rel}","templated":true}]}}

<p><span style="color: #780a0a;">Ein Tag bei uns</span></p>
<p>Um <strong>7.30 Uhr</strong> beginnt bei uns der Alltag im Kindergarten. Die Erzieher*innen bereiten den Raum für den Tag und begrüßen die Kinder, die <strong>zwischen 7.30 und 8.30Uhr</strong> gebracht werden. Die Tätigkeiten der Erzieher*innen sind so gestaltet, dass die Kinder stets mitmachen dürfen. Z.B.  das Anfertigen von jahreszeitlichem Schmuck für unseren Raum, das Vorbereiten eines Festes oder hauswirtschaftliche Tätigkeiten. Eine/r Erzieher*in bereitet das pädagogische Frühstück vor. Durch die anregende Tätigkeit des Erwachsenen breitet sich eine behagliche, schaffige Stimmung aus. Die Kinder finden selbstbestimmt in ihre Tätigkeit oder ihr freies, kreatives Spiel (<strong>erstes Freispiel</strong>).</p>
<p>Zwischen <strong>9.15 und 9.30Uhr</strong> werden die Arbeiten beendet und mit dem Aufräumen des Arbeitsplatzes wird der Übergang in die <strong>Aufräumzeit</strong> geschaffen. Nach der Freispielzeit, in der die Kinder mit Tischen und Stühlen, Brettern und Tüchern, Holzklötzen und Kastanien, Kisten und Körben sich ihre eigene Spiellandschaft geschaffen haben, gibt es einiges zu tun, bis jedes Ding wieder seinen Platz gefunden hat. Das Ordnen der Dinge und des Raumes ist ein wichtiger Prozess, den die Kinder täglich miterleben.</p>
<p>Während des Aufräumens gehen die Kinder in den Waschraum, um ggf. zur Toilette zu gehen und die Hände zu waschen. Die größeren Kinder, die schon eine Aufgabe übernehmen können, helfen den Tisch für das gemeinsame Frühstück zu decken.</p>
<p>Anschließend sammeln sich alle Kinder und Erzieher*innen in der Mitte des Raumes im Kreis sitzend. Mit einer kleinen Schmausepause (kleine stärkende Erfrischung in Form von jahreszeitlich passender Rohkost) wird der gemeinsame Teil des Morgens eingeleitet. Der<strong> Morgenkreis</strong> besteht aus Liedern und Versen, Finger- oder Handgestenspielen und Reigen, ausgesucht zu der jeweiligen Jahreszeit.</p>
<p>Dann folgt das <strong>gemeinsame Frühstück</strong>.</p>
<p>Anschließend ziehen sich alle Kinder an, um im Garten spielen zu gehen.</p>
<p>Nach dem zweiten <strong>Freispiel an der frischen Luft</strong> beenden wir den Vormittag mit einer kleinen Geschichte, einem Märchen oder einem Gruppenspiel. Von <strong>12.30 bis 12.45Uhr</strong> werden die ersten Kinder abgeholt.</p>
<p>Die Kinder, die die <strong>verlängerte Öffnungszeit</strong> nutzen, haben ein Mittagsvesper dabei, in einer lockeren Runde wird die Vesperzeit gehalten. Danach wird noch die letzte Ordnung geschaffen und um <strong>13.30Uhr</strong> endet der Kindergartentag.</p>

<p>Ein Tag bei uns Um 7.30 Uhr beginnt bei uns der Alltag im Kindergarten. Die Erzieher*innen bereiten den Raum für den Tag und begrüßen die Kinder, die zwischen 7.30 und 8.30Uhr gebracht werden. Die Tätigkeiten der Erzieher*innen sind so gestaltet,&hellip; </p>
