{"id":113,"date":"2015-06-18T17:49:27","date_gmt":"2015-06-18T17:49:27","guid":{"rendered":"http:\/\/entwicklung.waldorfkindergarten-feuerbach.de\/?page_id=113"},"modified":"2015-08-05T14:49:26","modified_gmt":"2015-08-05T14:49:26","slug":"betreuungsangebot-2","status":"publish","type":"page","link":"https:\/\/waldorfkindergarten-feuerbach.de\/?page_id=113","title":{"rendered":"Betreuungsangebot"},"content":{"rendered":"<p>In einer altersgemischten Gruppe betreuen wir bis zu 18 Kinder von zwei Jahren an bis zum Schuleintritt.<\/p>\n<p>Unser Kindergarten ist von Montag bis Freitag mit verl\u00e4ngerter \u00d6ffnungszeit von 7.30 Uhr bis 13.30 Uhr ge\u00f6ffnet.<\/p>\n<p>Wir schaffen eine Umgebung, die von liebevoller Annahme gepr\u00e4gt ist. Unsere R\u00e4umlichkeiten sind mit nat\u00fcrlichen Materialien gestaltet und bilden eine behagliche Atmosph\u00e4re, in der sich die Kinder geborgen entwickeln und kreativ entfalten k\u00f6nnen.<\/p>\n<p><img loading=\"lazy\" decoding=\"async\" class=\"aligncenter wp-image-270 size-full\" src=\"https:\/\/waldorfkindergarten-feuerbach.de\/wp-content\/uploads\/2015\/06\/IMG_0163a.jpg\" alt=\"IMG_0163a\" width=\"854\" height=\"569\" srcset=\"https:\/\/waldorfkindergarten-feuerbach.de\/wp-content\/uploads\/2015\/06\/IMG_0163a.jpg 854w, https:\/\/waldorfkindergarten-feuerbach.de\/wp-content\/uploads\/2015\/06\/IMG_0163a-300x200.jpg 300w, https:\/\/waldorfkindergarten-feuerbach.de\/wp-content\/uploads\/2015\/06\/IMG_0163a-306x205.jpg 306w\" sizes=\"auto, (max-width: 854px) 100vw, 854px\" \/><\/p>\n<p><img loading=\"lazy\" decoding=\"async\" class=\"aligncenter wp-image-272 size-full\" src=\"https:\/\/waldorfkindergarten-feuerbach.de\/wp-content\/uploads\/2015\/06\/IMG_0176a.jpg\" alt=\"IMG_0176a\" width=\"854\" height=\"569\" srcset=\"https:\/\/waldorfkindergarten-feuerbach.de\/wp-content\/uploads\/2015\/06\/IMG_0176a.jpg 854w, https:\/\/waldorfkindergarten-feuerbach.de\/wp-content\/uploads\/2015\/06\/IMG_0176a-300x200.jpg 300w, https:\/\/waldorfkindergarten-feuerbach.de\/wp-content\/uploads\/2015\/06\/IMG_0176a-306x205.jpg 306w\" sizes=\"auto, (max-width: 854px) 100vw, 854px\" \/><\/p>\n<p>Wir spielen in unserem Gruppenraum und einem kleinen Zimmerchen mit Ruhebettchen.<\/p>\n<p><img loading=\"lazy\" decoding=\"async\" class=\"alignnone wp-image-276 size-full\" src=\"https:\/\/waldorfkindergarten-feuerbach.de\/wp-content\/uploads\/2015\/06\/IMG_0184a-e1438785792517.jpg\" alt=\"IMG_0184a\" width=\"426\" height=\"639\" \/><\/p>\n<p><img loading=\"lazy\" decoding=\"async\" class=\"alignnone wp-image-277 size-full\" src=\"https:\/\/waldorfkindergarten-feuerbach.de\/wp-content\/uploads\/2015\/06\/IMG_0222a.jpg\" alt=\"IMG_0222a\" width=\"427\" height=\"640\" srcset=\"https:\/\/waldorfkindergarten-feuerbach.de\/wp-content\/uploads\/2015\/06\/IMG_0222a.jpg 427w, https:\/\/waldorfkindergarten-feuerbach.de\/wp-content\/uploads\/2015\/06\/IMG_0222a-200x300.jpg 200w\" sizes=\"auto, (max-width: 427px) 100vw, 427px\" \/><\/p>\n<p>&nbsp;<\/p>\n","protected":false},"excerpt":{"rendered":"<p>In einer altersgemischten Gruppe betreuen wir bis zu 18 Kinder von zwei Jahren an bis zum Schuleintritt. Unser Kindergarten ist von Montag bis Freitag mit verl\u00e4ngerter \u00d6ffnungszeit von 7.30 Uhr bis 13.30 Uhr ge\u00f6ffnet. Wir schaffen eine Umgebung, die von&hellip; <\/p>\n","protected":false},"author":1,"featured_media":0,"parent":0,"menu_order":6,"comment_status":"closed","ping_status":"closed","template":"","meta":{"footnotes":""},"class_list":["post-113","page","type-page","status-publish","hentry"],"_links":{"self":[{"href":"https:\/\/waldorfkindergarten-feuerbach.de\/index.php?rest_route=\/wp\/v2\/pages\/113","targetHints":{"allow":["GET"]}}],"collection":[{"href":"https:\/\/waldorfkindergarten-feuerbach.de\/index.php?rest_route=\/wp\/v2\/pages"}],"about":[{"href":"https:\/\/waldorfkindergarten-feuerbach.de\/index.php?rest_route=\/wp\/v2\/types\/page"}],"author":[{"embeddable":true,"href":"https:\/\/waldorfkindergarten-feuerbach.de\/index.php?rest_route=\/wp\/v2\/users\/1"}],"replies":[{"embeddable":true,"href":"https:\/\/waldorfkindergarten-feuerbach.de\/index.php?rest_route=%2Fwp%2Fv2%2Fcomments&post=113"}],"version-history":[{"count":20,"href":"https:\/\/waldorfkindergarten-feuerbach.de\/index.php?rest_route=\/wp\/v2\/pages\/113\/revisions"}],"predecessor-version":[{"id":346,"href":"https:\/\/waldorfkindergarten-feuerbach.de\/index.php?rest_route=\/wp\/v2\/pages\/113\/revisions\/346"}],"wp:attachment":[{"href":"https:\/\/waldorfkindergarten-feuerbach.de\/index.php?rest_route=%2Fwp%2Fv2%2Fmedia&parent=113"}],"curies":[{"name":"wp","href":"https:\/\/api.w.org\/{rel}","templated":true}]}}

<p>In einer altersgemischten Gruppe betreuen wir bis zu 18 Kinder von zwei Jahren an bis zum Schuleintritt.</p>
<p>Unser Kindergarten ist von Montag bis Freitag mit verlängerter Öffnungszeit von 7.30 Uhr bis 13.30 Uhr geöffnet.</p>
<p>Wir schaffen eine Umgebung, die von liebevoller Annahme geprägt ist. Unsere Räumlichkeiten sind mit natürlichen Materialien gestaltet und bilden eine behagliche Atmosphäre, in der sich die Kinder geborgen entwickeln und kreativ entfalten können.</p>
<p><img loading="lazy" decoding="async" class="aligncenter wp-image-270 size-full" src="https://waldorfkindergarten-feuerbach.de/wp-content/uploads/2015/06/IMG_0163a.jpg" alt="IMG_0163a" width="854" height="569" srcset="https://waldorfkindergarten-feuerbach.de/wp-content/uploads/2015/06/IMG_0163a.jpg 854w, https://waldorfkindergarten-feuerbach.de/wp-content/uploads/2015/06/IMG_0163a-300x200.jpg 300w, https://waldorfkindergarten-feuerbach.de/wp-content/uploads/2015/06/IMG_0163a-306x205.jpg 306w" sizes="auto, (max-width: 854px) 100vw, 854px" /></p>
<p><img loading="lazy" decoding="async" class="aligncenter wp-image-272 size-full" src="https://waldorfkindergarten-feuerbach.de/wp-content/uploads/2015/06/IMG_0176a.jpg" alt="IMG_0176a" width="854" height="569" srcset="https://waldorfkindergarten-feuerbach.de/wp-content/uploads/2015/06/IMG_0176a.jpg 854w, https://waldorfkindergarten-feuerbach.de/wp-content/uploads/2015/06/IMG_0176a-300x200.jpg 300w, https://waldorfkindergarten-feuerbach.de/wp-content/uploads/2015/06/IMG_0176a-306x205.jpg 306w" sizes="auto, (max-width: 854px) 100vw, 854px" /></p>
<p>Wir spielen in unserem Gruppenraum und einem kleinen Zimmerchen mit Ruhebettchen.</p>
<p><img loading="lazy" decoding="async" class="alignnone wp-image-276 size-full" src="https://waldorfkindergarten-feuerbach.de/wp-content/uploads/2015/06/IMG_0184a-e1438785792517.jpg" alt="IMG_0184a" width="426" height="639" /></p>
<p><img loading="lazy" decoding="async" class="alignnone wp-image-277 size-full" src="https://waldorfkindergarten-feuerbach.de/wp-content/uploads/2015/06/IMG_0222a.jpg" alt="IMG_0222a" width="427" height="640" srcset="https://waldorfkindergarten-feuerbach.de/wp-content/uploads/2015/06/IMG_0222a.jpg 427w, https://waldorfkindergarten-feuerbach.de/wp-content/uploads/2015/06/IMG_0222a-200x300.jpg 200w" sizes="auto, (max-width: 427px) 100vw, 427px" /></p>
<p>&nbsp;</p>

<p>In einer altersgemischten Gruppe betreuen wir bis zu 18 Kinder von zwei Jahren an bis zum Schuleintritt. Unser Kindergarten ist von Montag bis Freitag mit verlängerter Öffnungszeit von 7.30 Uhr bis 13.30 Uhr geöffnet. Wir schaffen eine Umgebung, die von&hellip; </p>
